{"id":1001,"date":"2015-11-23T10:42:50","date_gmt":"2015-11-23T10:42:50","guid":{"rendered":"http:\/\/nrtm.eu\/wp\/?page_id=1001"},"modified":"2025-09-30T07:29:55","modified_gmt":"2025-09-30T05:29:55","slug":"avaleht","status":"publish","type":"page","link":"http:\/\/starmaster.ee\/","title":{"rendered":"Eesti teedel juba aastast 2002!"},"content":{"rendered":"<div id=\"fws_69f70c18b9f39\" class=\"wpb_row vc_row-fluid  animate_onoffset row-dynamic-el standard_section    \" style=\"\"><div  style=\"position: absolute;top: 0;\"><\/div><div class=\"container  dark\"><div class=\"section_clear\">\n\t<div class=\"vc_col-sm-12 wpb_column column_container\" style=\"\" data-animation=\"\" data-delay=\"0\">\n\t\t<div class=\"wpb_wrapper\">\n\t\t\t\n\t<div class=\"wpb_text_column wpb_content_element \">\n\t\t<div class=\"wpb_wrapper\">\n\t\t\t<p>Starmaster O\u00dc p\u00f5hitegevuseks on transportteenuse pakkumine v\u00e4ikekaubikute ja tagaluuk-autodega. Meie autopargis on rohkem kui 30 erineva omadusega s\u00f5idukit. S\u00f5idame \u00fcle Eesti, kuid peamiselt oleme orienteeritud Kesk- ja L\u00f5una-Eesti piirkonnale.<\/p>\n<p>Starmasteri J\u00f5geva ladu asub aadressil Suur 91D, J\u00f5geva linn.<\/p>\n<p>Starmasteri Tartu ladu asub aadressil Vinkli 3 (nr 9 ladu), Tartu linn.<\/p>\n<h2>Teenust pakume:<\/h2>\n<ul>\n<li>C-kat veoautodega \/ poolhaagisega<\/li>\n<li>B-kat tagaluuk furgoonidega<\/li>\n<li>Isotermiliste\u00a0kaubikutega<\/li>\n<li>V\u00e4ikekaubikutega<\/li>\n<\/ul>\n\n\t\t<\/div> \n\t<\/div> \n\t\t<\/div> \n\t<\/div> \n<\/div><\/div><\/div><div id=\"fws_69f70c18bb0e8\" class=\"wpb_row vc_row-fluid  animate_onoffset row-dynamic-el standard_section    \" style=\"\"><div  style=\"position: absolute;top: 0;\"><\/div><div class=\"container  dark\"><div class=\"section_clear\">\n\t<div class=\"vc_col-sm-6 wpb_column column_container\" style=\"\" data-animation=\"\" data-delay=\"0\">\n\t\t<div class=\"wpb_wrapper\">\n\t\t\t<div class=\"header\"><h3>Kontakt<\/h3><\/div>\n\t<div class=\"wpb_text_column wpb_content_element \">\n\t\t<div class=\"wpb_wrapper\">\n\t\t\t<p><strong>Starmaster O\u00dc<\/strong><br \/>\nReg. 10835355<br \/>\nTelefon: +372 52 02 257<br \/>\nE-mail: info@starmaster.ee<br \/>\nwww.starmaster.ee<\/p>\n\n\t\t<\/div> \n\t<\/div> \n\t<div class=\"wpb_text_column wpb_content_element \">\n\t\t<div class=\"wpb_wrapper\">\n\t\t\t<div role=\"form\" class=\"wpcf7\" id=\"wpcf7-f1037-o1\" lang=\"et\" dir=\"ltr\">\n<div class=\"screen-reader-response\"><\/div>\n<form action=\"\/index.php\/wp-json\/wp\/v2\/pages\/1001#wpcf7-f1037-o1\" method=\"post\" class=\"wpcf7-form\" novalidate=\"novalidate\">\n<div style=\"display: none;\">\n<input type=\"hidden\" name=\"_wpcf7\" value=\"1037\" \/>\n<input type=\"hidden\" name=\"_wpcf7_version\" value=\"4.3.1\" \/>\n<input type=\"hidden\" name=\"_wpcf7_locale\" value=\"et\" \/>\n<input type=\"hidden\" name=\"_wpcf7_unit_tag\" value=\"wpcf7-f1037-o1\" \/>\n<input type=\"hidden\" name=\"_wpnonce\" value=\"50814ae511\" \/>\n<\/div>\n<p>Nimi*<br \/>\n    <span class=\"wpcf7-form-control-wrap your-name\"><input type=\"text\" name=\"your-name\" value=\"\" size=\"40\" class=\"wpcf7-form-control wpcf7-text wpcf7-validates-as-required\" aria-required=\"true\" aria-invalid=\"false\" \/><\/span> <\/p>\n<p>Email*<br \/>\n    <span class=\"wpcf7-form-control-wrap your-email\"><input type=\"email\" name=\"your-email\" value=\"\" size=\"40\" class=\"wpcf7-form-control wpcf7-text wpcf7-email wpcf7-validates-as-required wpcf7-validates-as-email\" aria-required=\"true\" aria-invalid=\"false\" \/><\/span> <\/p>\n<p>Telefon*<br \/>\n    <span class=\"wpcf7-form-control-wrap your-subject\"><input type=\"text\" name=\"your-subject\" value=\"\" size=\"40\" class=\"wpcf7-form-control wpcf7-text\" aria-invalid=\"false\" \/><\/span> <\/p>\n<p>Teade<br \/>\n    <span class=\"wpcf7-form-control-wrap your-message\"><textarea name=\"your-message\" cols=\"40\" rows=\"10\" class=\"wpcf7-form-control wpcf7-textarea\" aria-invalid=\"false\"><\/textarea><\/span> <\/p>\n<p><input type=\"submit\" value=\"Saada\" class=\"wpcf7-form-control wpcf7-submit\" \/><\/p>\n<div class=\"wpcf7-response-output wpcf7-display-none\"><\/div><\/form><\/div>\n\n\t\t<\/div> \n\t<\/div> \n\t\t<\/div> \n\t<\/div> \n\n\t<div class=\"vc_col-sm-6 wpb_column column_container\" style=\"\" data-animation=\"\" data-delay=\"0\">\n\t\t<div class=\"wpb_wrapper\">\n\t\t\t<div class=\"header\"><h3>Asukoht<\/h3><\/div>\n\t<div class=\"wpb_text_column wpb_content_element \">\n\t\t<div class=\"wpb_wrapper\">\n\t\t\t<p><iframe loading=\"lazy\" style=\"border: 0;\" src=\"https:\/\/www.google.com\/maps\/embed?pb=!1m18!1m12!1m3!1d2070.4024539145007!2d26.370870615885835!3d58.74006528145656!2m3!1f0!2f0!3f0!3m2!1i1024!2i768!4f13.1!3m3!1m2!1s0x4694a8e375731225%3A0x8fdfb81a0a7b7e8c!2sStarmaster+O%C3%9C!5e0!3m2!1set!2see!4v1448374651725\" width=\"500\" height=\"630\" frameborder=\"0\" allowfullscreen=\"allowfullscreen\"><\/iframe><\/p>\n\n\t\t<\/div> \n\t<\/div> \n\t\t<\/div> \n\t<\/div> \n<\/div><\/div><\/div>\n","protected":false},"excerpt":{"rendered":"Starmaster O\u00dc p\u00f5hitegevuseks on transportteenuse pakkumine v\u00e4ikekaubikute ja tagaluuk-autodega. Meie autopargis on rohkem kui 30 erineva omadusega s\u00f5idukit. S\u00f5idame \u00fcle Eesti, kuid peamiselt oleme orienteeritud Kesk- ja L\u00f5una-Eesti piirkonnale. Starmasteri J\u00f5geva ladu asub aadressil Suur 91D, J\u00f5geva linn. Starmasteri Tartu ladu asub aadressil Vinkli 3 (nr 9 ladu), Tartu linn. Teenust pakume: C-kat veoautodega \/ [...]","protected":false},"author":1,"featured_media":0,"parent":0,"menu_order":0,"comment_status":"open","ping_status":"open","template":"","meta":[],"_links":{"self":[{"href":"http:\/\/starmaster.ee\/index.php\/wp-json\/wp\/v2\/pages\/1001"}],"collection":[{"href":"http:\/\/starmaster.ee\/index.php\/wp-json\/wp\/v2\/pages"}],"about":[{"href":"http:\/\/starmaster.ee\/index.php\/wp-json\/wp\/v2\/types\/page"}],"author":[{"embeddable":true,"href":"http:\/\/starmaster.ee\/index.php\/wp-json\/wp\/v2\/users\/1"}],"replies":[{"embeddable":true,"href":"http:\/\/starmaster.ee\/index.php\/wp-json\/wp\/v2\/comments?post=1001"}],"version-history":[{"count":38,"href":"http:\/\/starmaster.ee\/index.php\/wp-json\/wp\/v2\/pages\/1001\/revisions"}],"predecessor-version":[{"id":1375,"href":"http:\/\/starmaster.ee\/index.php\/wp-json\/wp\/v2\/pages\/1001\/revisions\/1375"}],"wp:attachment":[{"href":"http:\/\/starmaster.ee\/index.php\/wp-json\/wp\/v2\/media?parent=1001"}],"curies":[{"name":"wp","href":"https:\/\/api.w.org\/{rel}","templated":true}]}}